. What is the highest common factor of d and 130?
26
Let s(b) = 2*b + 2*b + 0*b - 5*b - 1 - 3*b**3. Let q be s(-1). Suppose -5*u - 2*g = -100, q*u - 91 = 5*g - 0*g. What is the greatest common divisor of u and 22?
22
Let o(l) = -25*l**3 - 2*l + 1. Let x be o(-2). Let w = x + -145. Let b be (-24)/(-10)*(6 + -1). What is the highest common divisor of b and w?
12
Suppose 4*s - 3 = 17. Suppose p - 3 + 0 = 0, 4*g - 37 = s*p. What is the greatest common divisor of 104 and g?
13
Let t = -30 - -49. What is the greatest common divisor of t and 304?
19
Suppose 2 - 108 = 2*m. Let h = m - -64. Suppose -l = -0*l + 5*s - 146, -504 = -4*l - 4*s. Calculate the greatest common factor of h and l.
11
Let n = -1390 - -1490. Calculate the highest common divisor of 3200 and n.
100
Let f(b) = 32*b**2 + 9*b - 9. Let m be f(5). Calculate the highest common factor of 76 and m.
76
Let w(l) = 298*l - 582. Let t be w(2). Let z(u) = 5*u**2 + 6*u - 6. Let v = -6 - -10. Let g be z(v). What is the highest common divisor of g and t?
14
Let a be (-555)/40 - 1/8. Let q be -8*(3 + a/4). What is the greatest common factor of 28 and q?
4
Suppose 2420 = 2*y + 4*f, 0 = 162*y - 158*y - 3*f - 4818. Calculate the greatest common factor of y and 18.
18
Let w = 15 + -26. Let o = w + 25. What is the highest common factor of 42 and o?
14
Suppose i = 13 - 47. Let t be 4/18 - i/9. Calculate the highest common divisor of 8 and t.
4
Suppose -10 = -4*t + 5*h + 25, -4*t + 4*h + 36 = 0. Suppose 2*i + 20 = m, 5*m - 3*i - 9 - 56 = 0. What is the highest common divisor of t and m?
10
Suppose 19 = n - 5*d, -3*n - 2*d + 124 - 50 = 0. Calculate the highest common divisor of 90 and n.
6
Let a(w) be the third derivative of 17*w**4/24 - 2*w**3/3 - 14*w**2. Let q be a(1). What is the highest common factor of 117 and q?
13
Suppose 5*x + 3*g - 134 = 0, -5*x = -x - 5*g - 122. Let q be 4/14 + 3828/x. Let r be (-1 - -3) + -4 + q. What is the greatest common factor of 15 and r?
15
Let o(t) = t**2 - 2*t - 5. Let j be o(-3). Suppose -2*a = 3*a - 3*h - 241, -3*a - 5*h = -165. Calculate the greatest common divisor of j and a.
10
Suppose -9*k + 8*k + 189 = 0. Let b(g) = g**2 + 8*g - 12. Let i be b(-11). Calculate the greatest common divisor of i and k.
21
Suppose 0 = 4*g - w - 2*w - 769, -w = -3*g + 573. Calculate the highest common factor of g and 15.
5
Suppose 51 = 5*s + 1. Let u = -1035 + 1085. What is the greatest common factor of u and s?
10
Let o(s) = -6*s**2 + 130*s - 70. Let y be o(21). What is the greatest common divisor of 35 and y?
7
Let j(w) = 6*w + 51. Let i be j(24). Calculate the greatest common factor of 60 and i.
15
Let c(s) = 12*s - 1. Let t be c(-3). Let x = -12 - t. Calculate the highest common divisor of x and 100.
25
Let k be (-2601)/85 + 6/10. Let p(u) = -u**2 - 37*u + 6. Let x be p(k). Let c(o) = -8*o. Let b be c(-3). What is the highest common divisor of b and x?
24
Let f be (-2)/(-7) + (2055/35 - -5). What is the highest common divisor of f and 80?
16
Let t(p) = -2 - 3*p**2 - 6*p**3 + 4*p**2 - p + 0 + 1. Let y be t(-1). Suppose 3*v + 2 = -y, -o = 3*v - 135. What is the greatest common factor of 18 and o?
18
Suppose 10*c - 194 = -2*l + 7*c, 2*c + 447 = 5*l. Let w = l + -73. Calculate the highest common divisor of w and 36.
18
Suppose -3*c = -x - 21 - 33, x - 90 = -5*c. Suppose 0 = 31*h - 34*h - 12. Let w be ((-3)/4)/(h/96). What is the highest common factor of c and w?
18
Suppose q = 2, -5*k + 43 + 32 = 5*q. What is the greatest common factor of k and 949?
13
Let x = 111 + -57. Suppose -2*l = -x + 42. Calculate the highest common factor of 4 and l.
2
Suppose -18*k = 23*k - 11070. What is the greatest common factor of 432 and k?
54
Suppose 91*k + 442 = 3*i + 86*k, 0 = 2*i - 4*k - 292. Calculate the greatest common divisor of i and 224.
14
Suppose -16 + 0 = -4*t. Let i be -552*(2 + 1 + -4). Let w be i/28 - (-4)/14. What is the greatest common factor of t and w?
4
Let g(s) = -s**2 - 12*s + 71. Let v be g(-15). What is the greatest common factor of 416 and v?
26
Let r(p) = -2*p + 28. Let a be r(-12). What is the highest common divisor of a and 364?
52
Suppose 0 = -5*n - 10 + 65. Suppose -2*z + 63 = n. What is the highest common factor of z and 78?
26
Let k = -658 + 700. Suppose 0 = -5*v + 1230 + 450. What is the highest common divisor of k and v?
42
Let i be (-15)/(-3)*(-2)/(-2). Let p be -1 + (-2 - -2) - 0. Let c = 4 - p. What is the highest common factor of c and i?
5
Let i = 2048 - 1980. Calculate the highest common divisor of i and 1564.
68
Let q be 2 - 5/3 - 143/(-3). Let y(c) be the second derivative of -c**3/6 + 11*c**2/2 + c. Let d be y(5). Calculate the greatest common divisor of q and d.
6
Suppose 0 = -2*b - 5*r + 1085, -6*b + 2137 = -2*b - r. Let v be b/(-13) - 12/(-78). Let y = v - -59. What is the greatest common divisor of 12 and y?
6
Let p(z) = -z + 12. Let m be ((-2)/(-6))/((-2)/(-60)). Let h be p(m). Suppose -h = -3*b + 4, 4*b - 208 = -4*f. What is the greatest common divisor of f and 10?
10
Suppose -7*x - 6*x + 169 = 0. Let m(w) = w**2 - 10*w + 13. Let p be m(x). What is the highest common divisor of 39 and p?
13
Suppose 0 = 5*t + 4*s - 435, 3*t - 4*s = -s + 288. What is the greatest common factor of 1001 and t?
91
Suppose 359*s - 354*s = 25. Let x(w) = -2*w**3 - 5*w**2 - w + 3. Let p be x(-3). What is the highest common factor of s and p?
5
Let d(h) = h**2 - 5*h - 4. Let a be d(3). Let b be (-264)/(-15) - 4/a. Let m be 58/b - (-2)/(-9). What is the greatest common divisor of m and 3?
3
Let c(h) = -h**2 - 3*h + 4. Let u be c(-7). Let n be -1 + u/(-4) + -2. Let i be n - 69/(-3)*1. What is the highest common divisor of 26 and i?
26
Suppose 46*x - 34*x - 192 = 0. What is the greatest common factor of x and 56?
8
Let j be (6/(-12))/((-1)/562). Suppose -5*z = -5*n - j + 101, 3*z - 107 = 2*n. Calculate the greatest common divisor of z and 7.
7
Suppose -20 = -5*c, -b - c + 3*c = -14. Let v be 3*(-4)/12 - -45. What is the highest common divisor of b and v?
22
Suppose h + 1 = -3*n, -h + n = -0*h - 3. Suppose 0 = -v - h*v + 54. Let m = -156 + 246. What is the greatest common factor of v and m?
18
Let d be (-5)/(0 - -1) - -159. Calculate the greatest common factor of 14 and d.
14
Suppose 3*x - 15 = 0, q - x = -1 + 5. Suppose -3*i = -4*v + 42, 0 = -3*v + v + 5*i + 28. What is the greatest common factor of v and q?
9
Let u = 39397 + -39361. Suppose 6*t - 16 = 2*t. Calculate the highest common factor of t and u.
4
Let k(b) = b**2 - b + 5. Let d be k(0). Suppose -10*y - 179 = -279. Suppose -d*a + f + 50 = 3*f, -a + 3*f = -y. What is the greatest common divisor of a and 25?
5
Let n be (-4)/(2/333*-3). What is the highest common divisor of 6 and n?
6
Suppose 2*h = 3*t + 129, h + h - 135 = 5*t. Let m be (-27)/((8/h)/((-4)/5)). What is the highest common factor of m and 108?
54
Let h(d) = -10*d - 40. Let m be h(-10). What is the greatest common factor of 160 and m?
20
Suppose 0 = n - 2*n + g + 55, -3*n - 4*g = -158. Let m be -5 + 1/(5/55). Calculate the greatest common divisor of m and n.
6
Suppose -5*o = 4*b + 20, -5*o = b - 0*b + 20. Let k(g) = g**2 - 6*g - 16. Let l be k(o). What is the highest common factor of 12 and l?
12
Suppose -5*z = 5*x - z - 246, -5*x + 255 = -5*z. Calculate the greatest common factor of x and 500.
50
Let v be (-4 + 1)/((-24)/(-28) - 1). Let i(d) = -d**3 + 8*d**2 + d + 6. Let n be i(8). Calculate the highest common factor of v and n.
7
Suppose 0 = 4*z - 3*t - 11, z - 2*z + 5*t = -7. Suppose -z*q = -9 + 1. Suppose -5*v - 10 = -70. What is the greatest common factor of q and v?
4
Let j be 1 - (2/(-2) - 25). Suppose -10*d - 14 = -334. Let o = d - j. What is the highest common divisor of 45 and o?
5
Suppose -335 - 24634 = -41*a. Calculate the highest common factor of 42 and a.
21
Suppose -2 = -5*z + 8. Let j(v) = -7*v**3 + v - 3*v**2 + v**z - 2*v. Let h be j(-1). What is the greatest common factor of h and 12?
6
Let k be 24 + (-2 - -4) + -1. Let n = k + 0. Let y = n + -13. What is the highest common factor of y and 12?
12
Let w = 41 - -103. Suppose -7*p = -4*p. Suppose p = -4*k + 53 + 11. What is the highest common factor of k and w?
16
Suppose -62*l = -70*l + 2640. Calculate the greatest common divisor of l and 30.
30
Let l be (-21)/14*32/(-6). Let k = -8 - -28. Calcula